{"id":733,"date":"2016-11-25T19:08:34","date_gmt":"2016-11-25T19:08:34","guid":{"rendered":"http:\/\/wp4.damuhl.hated.at\/?page_id=733"},"modified":"2025-08-13T17:52:01","modified_gmt":"2025-08-13T17:52:01","slug":"wohnung-3-uga","status":"publish","type":"page","link":"https:\/\/haus-roswitha.at\/?page_id=733","title":{"rendered":"Wohnung 3 &#8211; Uga"},"content":{"rendered":"<p>5 Personenwohnung mit einem Abgeschlossenen Dreibettzimmer und ein Doppelbettzimmer, DU, WC sowie eine Wohnk\u00fcche. In der Wohnung befindet sich: Bettw\u00e4sche, Dusch- und Handt\u00fccher, Safe, SAT\/TV, Radio, F\u00f6hn, 4-Platten Herd, Backrohr.<\/p>\n<p><a href=\"http:\/\/haus-roswitha.at\/wp-content\/uploads\/2016\/11\/uga_plan-1.png\"><img loading=\"lazy\" decoding=\"async\" class=\"alignnone wp-image-767 size-full\" src=\"http:\/\/wp4.damuhl.hated.at\/wp-content\/uploads\/2016\/11\/uga_plan-1.png\" alt=\"uga_plan\" width=\"900\" height=\"1101\" srcset=\"https:\/\/haus-roswitha.at\/wp-content\/uploads\/2016\/11\/uga_plan-1.png 900w, https:\/\/haus-roswitha.at\/wp-content\/uploads\/2016\/11\/uga_plan-1-245x300.png 245w, https:\/\/haus-roswitha.at\/wp-content\/uploads\/2016\/11\/uga_plan-1-768x940.png 768w, https:\/\/haus-roswitha.at\/wp-content\/uploads\/2016\/11\/uga_plan-1-837x1024.png 837w\" sizes=\"auto, (max-width: 900px) 100vw, 900px\" \/><\/a><\/p>\n<p><a href=\"http:\/\/haus-roswitha.at\/wp-content\/uploads\/2018\/12\/IMG_5525.jpg\"><img loading=\"lazy\" decoding=\"async\" class=\"aligncenter wp-image-957\" src=\"http:\/\/haus-roswitha.at\/wp-content\/uploads\/2018\/12\/IMG_5525-300x200.jpg\" alt=\"\" width=\"900\" height=\"600\" srcset=\"https:\/\/haus-roswitha.at\/wp-content\/uploads\/2018\/12\/IMG_5525-300x200.jpg 300w, https:\/\/haus-roswitha.at\/wp-content\/uploads\/2018\/12\/IMG_5525-768x512.jpg 768w, https:\/\/haus-roswitha.at\/wp-content\/uploads\/2018\/12\/IMG_5525-1024x683.jpg 1024w, https:\/\/haus-roswitha.at\/wp-content\/uploads\/2018\/12\/IMG_5525-75x50.jpg 75w\" sizes=\"auto, (max-width: 900px) 100vw, 900px\" \/><\/a><\/p>\n<p><a href=\"http:\/\/haus-roswitha.at\/wp-content\/uploads\/2018\/12\/IMG_5530.jpg\"><img loading=\"lazy\" decoding=\"async\" class=\"aligncenter wp-image-958\" src=\"http:\/\/haus-roswitha.at\/wp-content\/uploads\/2018\/12\/IMG_5530-300x180.jpg\" alt=\"\" width=\"900\" height=\"540\" srcset=\"https:\/\/haus-roswitha.at\/wp-content\/uploads\/2018\/12\/IMG_5530-300x180.jpg 300w, https:\/\/haus-roswitha.at\/wp-content\/uploads\/2018\/12\/IMG_5530-768x460.jpg 768w, https:\/\/haus-roswitha.at\/wp-content\/uploads\/2018\/12\/IMG_5530-1024x614.jpg 1024w\" sizes=\"auto, (max-width: 900px) 100vw, 900px\" \/><\/a><\/p>\n<p><a href=\"http:\/\/haus-roswitha.at\/wp-content\/uploads\/2018\/12\/IMG_5503.jpg\"><img loading=\"lazy\" decoding=\"async\" class=\"aligncenter wp-image-952\" src=\"http:\/\/haus-roswitha.at\/wp-content\/uploads\/2018\/12\/IMG_5503-300x200.jpg\" alt=\"\" width=\"900\" height=\"600\" srcset=\"https:\/\/haus-roswitha.at\/wp-content\/uploads\/2018\/12\/IMG_5503-300x200.jpg 300w, https:\/\/haus-roswitha.at\/wp-content\/uploads\/2018\/12\/IMG_5503-768x512.jpg 768w, https:\/\/haus-roswitha.at\/wp-content\/uploads\/2018\/12\/IMG_5503-1024x683.jpg 1024w, https:\/\/haus-roswitha.at\/wp-content\/uploads\/2018\/12\/IMG_5503-75x50.jpg 75w\" sizes=\"auto, (max-width: 900px) 100vw, 900px\" \/><\/a><\/p>\n<p><a href=\"http:\/\/haus-roswitha.at\/wp-content\/uploads\/2018\/12\/IMG_5517.jpg\"><img loading=\"lazy\" decoding=\"async\" class=\"aligncenter wp-image-955\" src=\"http:\/\/haus-roswitha.at\/wp-content\/uploads\/2018\/12\/IMG_5517-300x200.jpg\" alt=\"\" width=\"900\" height=\"600\" srcset=\"https:\/\/haus-roswitha.at\/wp-content\/uploads\/2018\/12\/IMG_5517-300x200.jpg 300w, https:\/\/haus-roswitha.at\/wp-content\/uploads\/2018\/12\/IMG_5517-768x512.jpg 768w, https:\/\/haus-roswitha.at\/wp-content\/uploads\/2018\/12\/IMG_5517-1024x683.jpg 1024w, https:\/\/haus-roswitha.at\/wp-content\/uploads\/2018\/12\/IMG_5517-75x50.jpg 75w\" sizes=\"auto, (max-width: 900px) 100vw, 900px\" \/><\/a><\/p>\n<p><a href=\"http:\/\/haus-roswitha.at\/wp-content\/uploads\/2018\/12\/IMG_5523.jpg\"><img loading=\"lazy\" decoding=\"async\" class=\"aligncenter wp-image-956\" src=\"http:\/\/haus-roswitha.at\/wp-content\/uploads\/2018\/12\/IMG_5523-300x200.jpg\" alt=\"\" width=\"900\" height=\"600\" srcset=\"https:\/\/haus-roswitha.at\/wp-content\/uploads\/2018\/12\/IMG_5523-300x200.jpg 300w, https:\/\/haus-roswitha.at\/wp-content\/uploads\/2018\/12\/IMG_5523-768x512.jpg 768w, https:\/\/haus-roswitha.at\/wp-content\/uploads\/2018\/12\/IMG_5523-1024x683.jpg 1024w, https:\/\/haus-roswitha.at\/wp-content\/uploads\/2018\/12\/IMG_5523-75x50.jpg 75w\" sizes=\"auto, (max-width: 900px) 100vw, 900px\" \/><\/a><\/p>\n<p><a href=\"http:\/\/haus-roswitha.at\/wp-content\/uploads\/2018\/12\/IMG_5509.jpg\"><img loading=\"lazy\" decoding=\"async\" class=\"aligncenter wp-image-953\" src=\"http:\/\/haus-roswitha.at\/wp-content\/uploads\/2018\/12\/IMG_5509-300x200.jpg\" alt=\"\" width=\"900\" height=\"600\" srcset=\"https:\/\/haus-roswitha.at\/wp-content\/uploads\/2018\/12\/IMG_5509-300x200.jpg 300w, https:\/\/haus-roswitha.at\/wp-content\/uploads\/2018\/12\/IMG_5509-768x512.jpg 768w, https:\/\/haus-roswitha.at\/wp-content\/uploads\/2018\/12\/IMG_5509-1024x683.jpg 1024w, https:\/\/haus-roswitha.at\/wp-content\/uploads\/2018\/12\/IMG_5509-75x50.jpg 75w\" sizes=\"auto, (max-width: 900px) 100vw, 900px\" \/><\/a><\/p>\n<p><a href=\"http:\/\/haus-roswitha.at\/wp-content\/uploads\/2018\/12\/IMG_5513.jpg\"><img loading=\"lazy\" decoding=\"async\" class=\"aligncenter wp-image-954\" src=\"http:\/\/haus-roswitha.at\/wp-content\/uploads\/2018\/12\/IMG_5513-300x200.jpg\" alt=\"\" width=\"900\" height=\"600\" srcset=\"https:\/\/haus-roswitha.at\/wp-content\/uploads\/2018\/12\/IMG_5513-300x200.jpg 300w, https:\/\/haus-roswitha.at\/wp-content\/uploads\/2018\/12\/IMG_5513-768x512.jpg 768w, https:\/\/haus-roswitha.at\/wp-content\/uploads\/2018\/12\/IMG_5513-1024x683.jpg 1024w, https:\/\/haus-roswitha.at\/wp-content\/uploads\/2018\/12\/IMG_5513-75x50.jpg 75w\" sizes=\"auto, (max-width: 900px) 100vw, 900px\" \/><\/a><\/p>\n","protected":false},"excerpt":{"rendered":"<p>5 Personenwohnung mit einem Abgeschlossenen Dreibettzimmer und ein Doppelbettzimmer, DU, WC sowie eine Wohnk\u00fcche. In der Wohnung befindet sich: Bettw\u00e4sche, Dusch- und Handt\u00fccher, Safe, SAT\/TV, Radio, F\u00f6hn, 4-Platten Herd, Backrohr.<\/p>\n","protected":false},"author":1,"featured_media":0,"parent":0,"menu_order":0,"comment_status":"closed","ping_status":"closed","template":"","meta":{"footnotes":""},"class_list":["post-733","page","type-page","status-publish","hentry"],"_links":{"self":[{"href":"https:\/\/haus-roswitha.at\/index.php?rest_route=\/wp\/v2\/pages\/733","targetHints":{"allow":["GET"]}}],"collection":[{"href":"https:\/\/haus-roswitha.at\/index.php?rest_route=\/wp\/v2\/pages"}],"about":[{"href":"https:\/\/haus-roswitha.at\/index.php?rest_route=\/wp\/v2\/types\/page"}],"author":[{"embeddable":true,"href":"https:\/\/haus-roswitha.at\/index.php?rest_route=\/wp\/v2\/users\/1"}],"replies":[{"embeddable":true,"href":"https:\/\/haus-roswitha.at\/index.php?rest_route=%2Fwp%2Fv2%2Fcomments&post=733"}],"version-history":[{"count":18,"href":"https:\/\/haus-roswitha.at\/index.php?rest_route=\/wp\/v2\/pages\/733\/revisions"}],"predecessor-version":[{"id":1295,"href":"https:\/\/haus-roswitha.at\/index.php?rest_route=\/wp\/v2\/pages\/733\/revisions\/1295"}],"wp:attachment":[{"href":"https:\/\/haus-roswitha.at\/index.php?rest_route=%2Fwp%2Fv2%2Fmedia&parent=733"}],"curies":[{"name":"wp","href":"https:\/\/api.w.org\/{rel}","templated":true}]}}