{"id":422,"date":"2015-09-11T18:45:59","date_gmt":"2015-09-11T18:45:59","guid":{"rendered":"http:\/\/wp4.damuhl.hated.at\/?page_id=422"},"modified":"2025-08-09T17:13:59","modified_gmt":"2025-08-09T17:13:59","slug":"preise-2015-16","status":"publish","type":"page","link":"https:\/\/haus-roswitha.at\/?page_id=422","title":{"rendered":"Preise &#038; Storno"},"content":{"rendered":"<h2 class=\"title-header\" style=\"margin-top: 50px;\">Stornobedingungen<\/h2>\n<table class=\"tg\" style=\"width: auto;\">\n<tbody>\n<tr>\n<td>\n<p>Kostenlose Storno bis 30 Tage vor Anreise<\/p>\n<\/td>\n<\/tr>\n<tr>\n<td>\n<p>29 bis 7 Tage vor der Anreise werden <strong>30%<\/strong> des gesamten Aufenthalts f\u00e4llig!<\/p>\n<\/td>\n<\/tr>\n<tr>\n<td>\n<p>6 Tage vor Anreise werden <strong>70%<\/strong> des gesamten Aufenthalts f\u00e4llig!<\/p>\n<\/td>\n<\/tr>\n<tr>\n<td>\n<p>Bei Nicht bzw. Sp\u00e4tanreise werden 90% der entfallenen N\u00e4chte verrechnet!<\/p>\n<\/td>\n<\/tr>\n<\/tbody>\n<\/table>\n<h2 class=\"title-header\" style=\"margin-top: 50px;\">Saison 2025\/2026<\/h2>\n<table class=\"tg\" style=\"width: 70%;\">\n<tbody>\n<tr>\n<th class=\"haupt-saison\">Winter Hauptsaison<\/th>\n<th class=\"neben-saison\">Winter Nebensaison<\/th>\n<th class=\"sommer-saison\">Sommersaison<\/th>\n<\/tr>\n<tr>\n<td class=\"haupt-saison\">21.12.2025 \u2013 10.01.2026<\/td>\n<td class=\"neben-saison\">05.12.2025 \u2013 20.12.2025<\/td>\n<td class=\"sommer-saison\">06.06.2026 \u2013 15.10.2026<\/td>\n<\/tr>\n<tr>\n<td class=\"haupt-saison\">25.01.2025 \u2013 07.03.2026<\/td>\n<td class=\"neben-saison\">11.01.2025 \u2013 24.01.2026<\/td>\n<td class=\"sommer-saison\">\u00a0<\/td>\n<\/tr>\n<tr>\n<td class=\"haupt-saison\">\u00a0<\/td>\n<td class=\"neben-saison\">\n<p>08.03.2026 \u2013 12.04.2026<\/p>\n<\/td>\n<td class=\"sommer-saison\">\u00a0<\/td>\n<\/tr>\n<tr>\n<td class=\"haupt-saison\">\u00a0<\/td>\n<td class=\"neben-saison\">\u00a0<\/td>\n<td class=\"sommer-saison\">\u00a0<\/td>\n<\/tr>\n<\/tbody>\n<\/table>\n<h2 class=\"title-header\" style=\"margin-top: 50px;\">Saison 2025\/2026<\/h2>\n<h2 class=\"title-header\" style=\"margin-top: 50px;\">Preise<\/h2>\n<table class=\"tg\" style=\"width: 70%; text-align: center;\">\n<tbody>\n<tr>\n<th>\u00a0<\/th>\n<th class=\"haupt-saison\">Winter Hauptsaison<\/th>\n<th class=\"neben-saison\">Winter Nebensaison<\/th>\n<th class=\"sommer-saison\">Sommersaison<\/th>\n<\/tr>\n<tr>\n<td class=\"persons-ta\">2 Personen<\/td>\n<td class=\"haupt-saison\">130 \u20ac pro Tag<\/td>\n<td class=\"neben-saison\">130 \u20ac pro Tag<\/td>\n<td class=\"sommer-saison\">100 \u20ac pro Tag<\/td>\n<\/tr>\n<tr>\n<td class=\"persons-ta\">3 Personen<\/td>\n<td class=\"haupt-saison\">155 \u20ac pro Tag<\/td>\n<td class=\"neben-saison\">155 \u20ac pro Tag<\/td>\n<td class=\"sommer-saison\">120 \u20ac pro Tag<\/td>\n<\/tr>\n<tr>\n<td class=\"persons-ta\">3 Personen<\/td>\n<td class=\"haupt-saison\">175 \u20ac pro Tag<\/td>\n<td class=\"neben-saison\">175 \u20ac pro Tag<\/td>\n<td class=\"sommer-saison\">140 \u20ac pro Tag<\/td>\n<\/tr>\n<tr>\n<td class=\"persons-ta\">4 Personen<\/td>\n<td class=\"haupt-saison\">175 \u20ac pro Tag<\/td>\n<td class=\"neben-saison\">175 \u20ac pro Tag<\/td>\n<td class=\"sommer-saison\">140 \u20ac pro Tag<\/td>\n<\/tr>\n<tr>\n<td class=\"persons-ta\">5 Personen<\/td>\n<td class=\"haupt-saison\">200 \u20ac pro Tag<\/td>\n<td class=\"neben-saison\">200 \u20ac pro Tag<\/td>\n<td class=\"sommer-saison\">160 \u20ac pro Tag<\/td>\n<\/tr>\n<\/tbody>\n<\/table>\n<p><!--&nbsp;\n\n\n\n\n\n\n\n\n\n\n\n\n\n\n\n\n\n\n\n\n\n\n\n\n\n\n\n\n\n\n\n\n\n\n\n\n\n\n\n\n\n\n<div class=\"box1\"><strong>Winter 2016-2017<\/strong><\/div>\n\n\n\n\n\n\n\n\n\n\n\n\n\n\n\n\n\n\n\n\n\n\n\n\n\n\n\n\n\n\n\n\n\n\n\n\n\n\n\n\n\n\n\n\n\n\n\n\n\n\n\n\n\n\n\n\n\n\n\n\n\n\n\n\n\n\n\n\n\n\n\n\n\n\n\n\n\n\n\n\n\n\n\n\n<div class=\"box2\"><\/div>\n\n\n\n\n\n\n\n\n\n\n\n\n\n\n\n\n\n\n\n\n\n\n\n\n\n\n\n\n\n\n\n\n\n\n\n\n\n\n\n\n\n\n\n\n\n\n\n\n\n\n\n\n\n\n\n\n\n\n\n\n\n\n\n\n\n\n\n\n\n\n\n\n\n\n\n\n\n\n\n\n\n\n\n\n<div class=\"box3\"><strong>Sommer 2017<\/strong><\/div>\n\n\n\n\n\n\n\n\n\n\n\n\n\n\n\n\n\n\n\n\n\n\n\n\n\n\n\n\n\n\n\n\n\n\n\n\n\n\n\n\n\n\n\n\n\n\n\n\n\n\n\n\n\n\n\n\n\n\n\n\n\n\n\n\n\n\n\n\n\n\n\n\n\n\n\n\n\n\n\n\n\n\n\n\n<div class=\"box1\"><span style=\"color: #333399;\">Hauptsaison<\/span><\/div>\n\n\n\n\n\n\n\n\n\n\n\n\n\n\n\n\n\n\n\n\n\n\n\n\n\n\n\n\n\n\n\n\n\n\n\n\n\n\n\n\n\n\n\n\n\n\n\n\n\n\n\n\n\n\n\n\n\n\n\n\n\n\n\n\n\n\n\n\n\n\n\n\n\n\n\n\n\n\n\n\n\n\n\n\n<div class=\"box2\"><span style=\"color: #ff6600;\">Nebensaison<\/span><\/div>\n\n\n\n\n\n\n\n\n\n\n\n\n\n\n\n\n\n\n\n\n\n\n\n\n\n\n\n\n\n\n\n\n\n\n\n\n\n\n\n\n\n\n\n\n\n\n\n\n\n\n\n\n\n\n\n\n\n\n\n\n\n\n\n\n\n\n\n\n\n\n\n\n\n\n\n\n\n\n\n\n\n\n\n\n<div class=\"box3\"><span style=\"color: #008000;\">Sommersaison<\/span><\/div>\n\n\n\n\n\n\n\n\n\n\n\n\n\n\n\n\n\n\n\n\n\n\n\n\n\n\n\n\n\n\n\n\n\n\n\n\n\n\n\n\n\n\n\n\n\n\n\n\n\n\n\n\n\n\n\n\n\n\n\n\n\n\n\n\n\n\n\n\n\n\n\n\n\n\n\n\n\n\n\n\n\n\n\n\n<div class=\"box1\"><span style=\"color: #333399;\">24.12.2016 - 06.01.2017<\/span><\/div>\n\n\n\n\n\n\n\n\n\n\n\n\n\n\n\n\n\n\n\n\n\n\n\n\n\n\n\n\n\n\n\n\n\n\n\n\n\n\n\n\n\n\n\n\n\n\n\n\n\n\n\n\n\n\n\n\n\n\n\n\n\n\n\n\n\n\n\n\n\n\n\n\n\n\n\n\n\n\n\n\n\n\n\n\n<div class=\"box2\"><span style=\"color: #ff6600;\">03.12.2016 - 23.12.2016<\/span><\/div>\n\n\n\n\n\n\n\n\n\n\n\n\n\n\n\n\n\n\n\n\n\n\n\n\n\n\n\n\n\n\n\n\n\n\n\n\n\n\n\n\n\n\n\n\n\n\n\n\n\n\n\n\n\n\n\n\n\n\n\n\n\n\n\n\n\n\n\n\n\n\n\n\n\n\n\n\n\n\n\n\n\n\n\n\n<div class=\"box3\"><span style=\"color: #008000;\">01.05.2016 - 01.11.2016<\/span><\/div>\n\n\n\n\n\n\n\n\n\n\n\n\n\n\n\n\n\n\n\n\n\n\n\n\n\n\n\n\n\n\n\n\n\n\n\n\n\n\n\n\n\n\n\n\n\n\n\n\n\n\n\n\n\n\n\n\n\n\n\n\n\n\n\n\n\n\n\n\n\n\n\n\n\n\n\n\n\n\n\n\n\n\n\n\n<div class=\"box1\"><span style=\"color: #333399;\">28.01.2017 - 18.03.2017<\/span><\/div>\n\n\n\n\n\n\n\n\n\n\n\n\n\n\n\n\n\n\n\n\n\n\n\n\n\n\n\n\n\n\n\n\n\n\n\n\n\n\n\n\n\n\n\n\n\n\n\n\n\n\n\n\n\n\n\n\n\n\n\n\n\n\n\n\n\n\n\n\n\n\n\n\n\n\n\n\n\n\n\n\n\n\n\n\n<div class=\"box2\"><span style=\"color: #ff6600;\">07.01.2017 - 27.01.2017<\/span><\/div>\n\n\n\n\n\n\n\n\n\n\n\n\n\n\n\n\n\n\n\n\n\n\n\n\n\n\n\n\n\n\n\n\n\n\n\n\n\n\n\n\n\n\n\n\n\n\n\n\n\n\n\n\n\n\n\n\n\n\n\n\n\n\n\n\n\n\n\n\n\n\n\n\n\n\n\n\n\n\n\n\n\n\n\n\n<div class=\"box3\"><\/div>\n\n\n\n\n\n\n\n\n\n\n\n\n\n\n\n\n\n\n\n\n\n\n\n\n\n\n\n\n\n\n\n\n\n\n\n\n\n\n\n\n\n\n\n\n\n\n\n\n\n\n\n\n\n\n\n\n\n\n\n\n\n\n\n\n\n\n\n\n\n\n\n\n\n\n\n\n\n\n\n\n\n\n\n\n<div class=\"box1\"><span style=\"color: #333399;\">08.04.2017 - 15.04.2017<\/span><\/div>\n\n\n\n\n\n\n\n\n\n\n\n\n\n\n\n\n\n\n\n\n\n\n\n\n\n\n\n\n\n\n\n\n\n\n\n\n\n\n\n\n\n\n\n\n\n\n\n\n\n\n\n\n\n\n\n\n\n\n\n\n\n\n\n\n\n\n\n\n\n\n\n\n\n\n\n\n\n\n\n\n\n\n\n\n<div class=\"box2\"><span style=\"color: #ff6600;\">18.03.2017 - 08.04.2017<\/span><\/div>\n\n\n\n\n\n\n\n\n\n\n\n\n\n\n\n\n\n\n\n\n\n\n\n\n\n\n\n\n\n\n\n\n\n\n\n\n\n\n\n\n\n\n\n\n\n\n\n\n\n\n\n\n\n\n\n\n\n\n\n\n\n\n\n\n\n\n\n\n\n\n\n\n\n\n\n\n\n\n\n\n\n\n\n\n<div class=\"box3\"><\/div>\n\n\n\n\n\n\n\n\n\n\n\n\n\n\n\n\n\n\n\n\n\n\n\n\n\n\n\n\n\n\n\n\n\n\n\n\n\n\n\n\n\n\n\n\n\n\n\n\n\n\n\n\n\n\n\n\n\n\n\n\n\n\n\n\n\n\n\n\n\n\n\n\n\n\n\n\n\n\n\n\n\n\n\n\n<div class=\"box1\"><\/div>\n\n\n\n\n\n\n\n\n\n\n\n\n\n\n\n\n\n\n\n\n\n\n\n\n\n\n\n\n\n\n\n\n\n\n\n\n\n\n\n\n\n\n\n\n\n\n\n\n\n\n\n\n\n\n\n\n\n\n\n\n\n\n\n\n\n\n\n\n\n\n\n\n\n\n\n\n\n\n\n\n\n\n\n\n<div class=\"box2\"><span style=\"color: #ff6600;\">15.04.2017 - 23.04.2017<\/span><\/div>\n\n\n\n\n\n\n\n\n\n\n\n\n\n\n\n\n\n\n\n\n\n\n\n\n\n\n\n\n\n\n\n\n\n\n\n\n\n\n\n\n\n\n\n\n\n\n\n\n\n\n\n\n\n\n\n\n\n\n\n\n\n\n\n\n\n\n\n\n\n\n\n\n\n\n\n\n\n\n\n\n\n\n\n\n<div class=\"box3\"><\/div>\n\n\n\n\n\n\n\n\n\n\n\n\n\n\n\n\n\n\n\n\n\n\n\n\n\n\n\n\n\n\n\n\n\n\n\n\n\n\n\n\n\n\n\n\n\n\n\n\n\n\n\n\n\n\n\n\n\n\n\n\n\n\n\n\n\n\n\n\n\n\n\n\n\n\n\n\n\n\n\n\n\n\n\n\n<div class=\"box1\"><\/div>\n\n\n\n\n\n\n\n\n\n\n\n\n\n\n\n\n\n\n\n\n\n\n\n\n\n\n\n\n\n\n\n\n\n\n\n\n\n\n\n\n\n\n\n\n\n\n\n\n\n\n\n\n\n\n\n\n\n\n\n\n\n\n\n\n\n\n\n\n\n\n\n\n\n\n\n\n\n\n\n\n\n\n\n\n<div class=\"box2\"><\/div>\n\n\n\n\n\n\n\n\n\n\n\n\n\n\n\n\n\n\n\n\n\n\n\n\n\n\n\n\n\n\n\n\n\n\n\n\n\n\n\n\n\n\n\n\n\n\n\n\n\n\n\n\n\n\n\n\n\n\n\n\n\n\n\n\n\n\n\n\n\n\n\n\n\n\n\n\n\n\n\n\n\n\n\n\n<div class=\"box3\"><\/div>\n\n\n\n\n\n\n\n\n\n\n\n\n\n\n\n\n\n\n\n\n\n\n\n\n\n\n\n\n\n\n\n\n\n\n\n\n\n\n\n\n\n\n\n\n\n\n\n\n\n\n\n\n\n\n\n\n\n\n\n\n\n\n\n\n\n\n\n\n\n\n\n\n\n\n\n\n\n\n\n\n\n\n\n\n<div class=\"box4\"><\/div>\n\n\n\n\n\n\n\n\n\n\n\n\n\n\n\n\n\n\n\n\n\n\n\n\n\n\n\n\n\n\n\n\n\n\n\n\n\n\n\n\n\n\n\n\n\n\n\n\n\n\n\n\n\n\n\n\n\n\n\n\n\n\n\n\n\n\n\n\n\n\n\n\n\n\n\n\n\n\n\n\n\n\n\n\n<div class=\"box5\"><span style=\"color: #333399;\">Hauptsaison<\/span><\/div>\n\n\n\n\n\n\n\n\n\n\n\n\n\n\n\n\n\n\n\n\n\n\n\n\n\n\n\n\n\n\n\n\n\n\n\n\n\n\n\n\n\n\n\n\n\n\n\n\n\n\n\n\n\n\n\n\n\n\n\n\n\n\n\n\n\n\n\n\n\n\n\n\n\n\n\n\n\n\n\n\n\n\n\n\n<div class=\"box6\"><span style=\"color: #ff6600;\">Nebensaison<\/span><\/div>\n\n\n\n\n\n\n\n\n\n\n\n\n\n\n\n\n\n\n\n\n\n\n\n\n\n\n\n\n\n\n\n\n\n\n\n\n\n\n\n\n\n\n\n\n\n\n\n\n\n\n\n\n\n\n\n\n\n\n\n\n\n\n\n\n\n\n\n\n\n\n\n\n\n\n\n\n\n\n\n\n\n\n\n\n<div class=\"box7\"><span style=\"color: #008000;\">Sommersaison<\/span><\/div>\n\n\n\n\n\n\n\n\n\n\n\n\n\n\n\n\n\n\n\n\n\n\n\n\n\n\n\n\n\n\n\n\n\n\n\n\n\n\n\n\n\n\n\n\n\n\n\n\n\n\n\n\n\n\n\n\n\n\n\n\n\n\n\n\n\n\n\n\n\n\n\n\n\n\n\n\n\n\n\n\n\n\n\n\n<div class=\"box4\">2 Personen<\/div>\n\n\n\n\n\n\n\n\n\n\n\n\n\n\n\n\n\n\n\n\n\n\n\n\n\n\n\n\n\n\n\n\n\n\n\n\n\n\n\n\n\n\n\n\n\n\n\n\n\n\n\n\n\n\n\n\n\n\n\n\n\n\n\n\n\n\n\n\n\n\n\n\n\n\n\n\n\n\n\n\n\n\n\n\n<div class=\"box5\"><span style=\"color: #333399;\">85 \u20ac pro Tag<\/span><\/div>\n\n\n\n\n\n\n\n\n\n\n\n\n\n\n\n\n\n\n\n\n\n\n\n\n\n\n\n\n\n\n\n\n\n\n\n\n\n\n\n\n\n\n\n\n\n\n\n\n\n\n\n\n\n\n\n\n\n\n\n\n\n\n\n\n\n\n\n\n\n\n\n\n\n\n\n\n\n\n\n\n\n\n\n\n<div class=\"box6\"><span style=\"color: #ff6600;\">80 \u20ac pro Tag<\/span><\/div>\n\n\n\n\n\n\n\n\n\n\n\n\n\n\n\n\n\n\n\n\n\n\n\n\n\n\n\n\n\n\n\n\n\n\n\n\n\n\n\n\n\n\n\n\n\n\n\n\n\n\n\n\n\n\n\n\n\n\n\n\n\n\n\n\n\n\n\n\n\n\n\n\n\n\n\n\n\n\n\n\n\n\n\n\n<div class=\"box7\"><span style=\"color: #008000;\">60 \u20ac pro Tag<\/span><\/div>\n\n\n\n\n\n\n\n\n\n\n\n\n\n\n\n\n\n\n\n\n\n\n\n\n\n\n\n\n\n\n\n\n\n\n\n\n\n\n\n\n\n\n\n\n\n\n\n\n\n\n\n\n\n\n\n\n\n\n\n\n\n\n\n\n\n\n\n\n\n\n\n\n\n\n\n\n\n\n\n\n\n\n\n\n<div class=\"box4\">3 Personen<\/div>\n\n\n\n\n\n\n\n\n\n\n\n\n\n\n\n\n\n\n\n\n\n\n\n\n\n\n\n\n\n\n\n\n\n\n\n\n\n\n\n\n\n\n\n\n\n\n\n\n\n\n\n\n\n\n\n\n\n\n\n\n\n\n\n\n\n\n\n\n\n\n\n\n\n\n\n\n\n\n\n\n\n\n\n\n<div class=\"box5\"><span style=\"color: #333399;\">120 \u20ac pro Tag<\/span><\/div>\n\n\n\n\n\n\n\n\n\n\n\n\n\n\n\n\n\n\n\n\n\n\n\n\n\n\n\n\n\n\n\n\n\n\n\n\n\n\n\n\n\n\n\n\n\n\n\n\n\n\n\n\n\n\n\n\n\n\n\n\n\n\n\n\n\n\n\n\n\n\n\n\n\n\n\n\n\n\n\n\n\n\n\n\n<div class=\"box6\"><span style=\"color: #ff6600;\">100 \u20ac pro Tag<\/span><\/div>\n\n\n\n\n\n\n\n\n\n\n\n\n\n\n\n\n\n\n\n\n\n\n\n\n\n\n\n\n\n\n\n\n\n\n\n\n\n\n\n\n\n\n\n\n\n\n\n\n\n\n\n\n\n\n\n\n\n\n\n\n\n\n\n\n\n\n\n\n\n\n\n\n\n\n\n\n\n\n\n\n\n\n\n\n<div class=\"box7\"><span style=\"color: #008000;\">70 \u20ac pro Tag<\/span><\/div>\n\n\n\n\n\n\n\n\n\n\n\n\n\n\n\n\n\n\n\n\n\n\n\n\n\n\n\n\n\n\n\n\n\n\n\n\n\n\n\n\n\n\n\n\n\n\n\n\n\n\n\n\n\n\n\n\n\n\n\n\n\n\n\n\n\n\n\n\n\n\n\n\n\n\n\n\n\n\n\n\n\n\n\n\n<div class=\"box4\">4 Personen<\/div>\n\n\n\n\n\n\n\n\n\n\n\n\n\n\n\n\n\n\n\n\n\n\n\n\n\n\n\n\n\n\n\n\n\n\n\n\n\n\n\n\n\n\n\n\n\n\n\n\n\n\n\n\n\n\n\n\n\n\n\n\n\n\n\n\n\n\n\n\n\n\n\n\n\n\n\n\n\n\n\n\n\n\n\n\n<div class=\"box5\"><span style=\"color: #333399;\">131 \u20ac pro Tag<\/span><\/div>\n\n\n\n\n\n\n\n\n\n\n\n\n\n\n\n\n\n\n\n\n\n\n\n\n\n\n\n\n\n\n\n\n\n\n\n\n\n\n\n\n\n\n\n\n\n\n\n\n\n\n\n\n\n\n\n\n\n\n\n\n\n\n\n\n\n\n\n\n\n\n\n\n\n\n\n\n\n\n\n\n\n\n\n\n<div class=\"box6\"><span style=\"color: #ff6600;\">128 \u20ac pro Tag<\/span><\/div>\n\n\n\n\n\n\n\n\n\n\n\n\n\n\n\n\n\n\n\n\n\n\n\n\n\n\n\n\n\n\n\n\n\n\n\n\n\n\n\n\n\n\n\n\n\n\n\n\n\n\n\n\n\n\n\n\n\n\n\n\n\n\n\n\n\n\n\n\n\n\n\n\n\n\n\n\n\n\n\n\n\n\n\n\n<div class=\"box7\"><span style=\"color: #008000;\">90 \u20ac pro Tag<\/span><\/div>\n\n\n\n\n\n\n\n\n\n\n\n\n\n\n\n\n\n\n\n\n\n\n\n\n\n\n\n\n\n\n\n\n\n\n\n\n\n\n\n\n\n\n\n\n\n\n\n\n\n\n\n\n\n\n\n\n\n\n\n\n\n\n\n\n\n\n\n\n\n\n\n\n\n\n\n\n\n\n\n\n\n\n\n\n<div class=\"box4\">5 Personen<\/div>\n\n\n\n\n\n\n\n\n\n\n\n\n\n\n\n\n\n\n\n\n\n\n\n\n\n\n\n\n\n\n\n\n\n\n\n\n\n\n\n\n\n\n\n\n\n\n\n\n\n\n\n\n\n\n\n\n\n\n\n\n\n\n\n\n\n\n\n\n\n\n\n\n\n\n\n\n\n\n\n\n\n\n\n\n<div class=\"box5\"><span style=\"color: #333399;\">141 \u20ac pro Tag<\/span><\/div>\n\n\n\n\n\n\n\n\n\n\n\n\n\n\n\n\n\n\n\n\n\n\n\n\n\n\n\n\n\n\n\n\n\n\n\n\n\n\n\n\n\n\n\n\n\n\n\n\n\n\n\n\n\n\n\n\n\n\n\n\n\n\n\n\n\n\n\n\n\n\n\n\n\n\n\n\n\n\n\n\n\n\n\n\n<div class=\"box6\"><span style=\"color: #ff6600;\">135 \u20ac pro Tag<\/span><\/div>\n\n\n\n\n\n\n\n\n\n\n\n\n\n\n\n\n\n\n\n\n\n\n\n\n\n\n\n\n\n\n\n\n\n\n\n\n\n\n\n\n\n\n\n\n\n\n\n\n\n\n\n\n\n\n\n\n\n\n\n\n\n\n\n\n\n\n\n\n\n\n\n\n\n\n\n\n\n\n\n\n\n\n\n\n<div class=\"box7\"><span style=\"color: #008000;\">105 \u20ac pro Tag<\/span><\/div>\n\n\n\n\n\n\n\n\n\n\n\n\n\n\n\n\n\n\n\n\n\n\n\n\n\n\n\n\n\n\n\n\n\n\n\n\n\n\n\n\n\n\n--><strong>3 Personen<\/strong>:<\/p>\n<p>Variante 1<br \/>Ein Dreierbettzimmer mit Dusche, WC und Wohnk\u00fcche.<\/p>\n<p>Variante 2<br \/>Zwei Doppelbettzimmer mit Dusche, WC und Wohnk\u00fcche.<\/p>\n\n\n<p><\/p>\n","protected":false},"excerpt":{"rendered":"<p>Stornobedingungen Kostenlose Storno bis 30 Tage vor Anreise 29 bis 7 Tage vor der Anreise werden 30% des gesamten Aufenthalts f\u00e4llig! 6 Tage vor Anreise werden 70% des gesamten Aufenthalts f\u00e4llig! Bei Nicht bzw. Sp\u00e4tanreise werden 90% der entfallenen N\u00e4chte verrechnet! Saison 2025\/2026 Winter Hauptsaison Winter Nebensaison Sommersaison 21.12.2025 \u2013 10.01.2026 05.12.2025 \u2013 20.12.2025 06.06.2026 [&hellip;]<\/p>\n","protected":false},"author":1,"featured_media":0,"parent":0,"menu_order":0,"comment_status":"closed","ping_status":"closed","template":"template-full-width.php","meta":{"footnotes":""},"class_list":["post-422","page","type-page","status-publish","hentry"],"_links":{"self":[{"href":"https:\/\/haus-roswitha.at\/index.php?rest_route=\/wp\/v2\/pages\/422","targetHints":{"allow":["GET"]}}],"collection":[{"href":"https:\/\/haus-roswitha.at\/index.php?rest_route=\/wp\/v2\/pages"}],"about":[{"href":"https:\/\/haus-roswitha.at\/index.php?rest_route=\/wp\/v2\/types\/page"}],"author":[{"embeddable":true,"href":"https:\/\/haus-roswitha.at\/index.php?rest_route=\/wp\/v2\/users\/1"}],"replies":[{"embeddable":true,"href":"https:\/\/haus-roswitha.at\/index.php?rest_route=%2Fwp%2Fv2%2Fcomments&post=422"}],"version-history":[{"count":183,"href":"https:\/\/haus-roswitha.at\/index.php?rest_route=\/wp\/v2\/pages\/422\/revisions"}],"predecessor-version":[{"id":1289,"href":"https:\/\/haus-roswitha.at\/index.php?rest_route=\/wp\/v2\/pages\/422\/revisions\/1289"}],"wp:attachment":[{"href":"https:\/\/haus-roswitha.at\/index.php?rest_route=%2Fwp%2Fv2%2Fmedia&parent=422"}],"curies":[{"name":"wp","href":"https:\/\/api.w.org\/{rel}","templated":true}]}}