{"id":413,"date":"2015-09-11T17:56:30","date_gmt":"2015-09-11T17:56:30","guid":{"rendered":"http:\/\/wp4.damuhl.hated.at\/?page_id=413"},"modified":"2018-12-31T18:36:51","modified_gmt":"2018-12-31T18:36:51","slug":"ferienwohnungen","status":"publish","type":"page","link":"https:\/\/haus-roswitha.at\/?page_id=413","title":{"rendered":"Ferienwohnungen"},"content":{"rendered":"<p>Unsere Appartements sind sehr gem\u00fctlich und komfortabel eingerichtet. In der K\u00fcche finden Sie ausreichend Koch-und Essgeschirr, 4-Plattenherd mit Backrohr, Kaffeemaschine, Fernseher. Im Badezimmer befinden sich ein F\u00f6n und Dusch-und Handt\u00fccher. Jede Ferienwohnung verf\u00fcgt \u00fcber einen Balkon.\u00a0Weiters verf\u00fcgt jede Wohnung \u00fcber einen WLAN Zugang.<\/p>\n<p>Der <a title=\"Wellnessbereich\" href=\"http:\/\/wp4.damuhl.hated.at\/?page_id=440\">Wellnessbereich<\/a> steht allen unseren G\u00e4sten zur Verf\u00fcgung. Im Winter k\u00f6nnen Sie gerne unseren Schistall und unseren Schischuhtrockenraum ben\u00fctzen.<br \/>\nF\u00fcr Ihr Fr\u00fchst\u00fcck bieten wir Ihnen unser Geb\u00e4ckservice:<br \/>\nBestellung abends \u2013 Lieferung um 7:15 Uhr vor Ihre Wohnungst\u00fcre!<br \/>\nJe nach Personenanzahl stehen Ihnen verschieden gro\u00dfe Appartements zur Verf\u00fcgung.<\/p>\n<p><a href=\"http:\/\/haus-roswitha.at\/wp-content\/uploads\/2018\/12\/wohnungen.jpg\"><img loading=\"lazy\" decoding=\"async\" class=\"aligncenter wp-image-1003\" src=\"http:\/\/haus-roswitha.at\/wp-content\/uploads\/2018\/12\/wohnungen-300x200.jpg\" alt=\"\" width=\"900\" height=\"600\" srcset=\"https:\/\/haus-roswitha.at\/wp-content\/uploads\/2018\/12\/wohnungen-300x200.jpg 300w, https:\/\/haus-roswitha.at\/wp-content\/uploads\/2018\/12\/wohnungen-768x512.jpg 768w, https:\/\/haus-roswitha.at\/wp-content\/uploads\/2018\/12\/wohnungen-1024x683.jpg 1024w, https:\/\/haus-roswitha.at\/wp-content\/uploads\/2018\/12\/wohnungen-75x50.jpg 75w\" sizes=\"auto, (max-width: 900px) 100vw, 900px\" \/><\/a><\/p>\n","protected":false},"excerpt":{"rendered":"<p>Unsere Appartements sind sehr gem\u00fctlich und komfortabel eingerichtet. In der K\u00fcche finden Sie ausreichend Koch-und Essgeschirr, 4-Plattenherd mit Backrohr, Kaffeemaschine, Fernseher. Im Badezimmer befinden sich ein F\u00f6n und Dusch-und Handt\u00fccher. Jede Ferienwohnung verf\u00fcgt \u00fcber einen Balkon.\u00a0Weiters verf\u00fcgt jede Wohnung \u00fcber einen WLAN Zugang. Der Wellnessbereich steht allen unseren G\u00e4sten zur Verf\u00fcgung. Im Winter k\u00f6nnen Sie [&hellip;]<\/p>\n","protected":false},"author":1,"featured_media":0,"parent":0,"menu_order":1,"comment_status":"closed","ping_status":"closed","template":"","meta":{"footnotes":""},"class_list":["post-413","page","type-page","status-publish","hentry"],"_links":{"self":[{"href":"https:\/\/haus-roswitha.at\/index.php?rest_route=\/wp\/v2\/pages\/413","targetHints":{"allow":["GET"]}}],"collection":[{"href":"https:\/\/haus-roswitha.at\/index.php?rest_route=\/wp\/v2\/pages"}],"about":[{"href":"https:\/\/haus-roswitha.at\/index.php?rest_route=\/wp\/v2\/types\/page"}],"author":[{"embeddable":true,"href":"https:\/\/haus-roswitha.at\/index.php?rest_route=\/wp\/v2\/users\/1"}],"replies":[{"embeddable":true,"href":"https:\/\/haus-roswitha.at\/index.php?rest_route=%2Fwp%2Fv2%2Fcomments&post=413"}],"version-history":[{"count":10,"href":"https:\/\/haus-roswitha.at\/index.php?rest_route=\/wp\/v2\/pages\/413\/revisions"}],"predecessor-version":[{"id":1006,"href":"https:\/\/haus-roswitha.at\/index.php?rest_route=\/wp\/v2\/pages\/413\/revisions\/1006"}],"wp:attachment":[{"href":"https:\/\/haus-roswitha.at\/index.php?rest_route=%2Fwp%2Fv2%2Fmedia&parent=413"}],"curies":[{"name":"wp","href":"https:\/\/api.w.org\/{rel}","templated":true}]}}